e prime factors of 12274.
2, 17, 19
List the prime factors of 1009.
1009
What are the prime factors of 8008?
2, 7, 11, 13
What are the prime factors of 2152?
2, 269
What are the prime factors of 6245?
5, 1249
List the prime factors of 11454.
2, 3, 23, 83
What are the prime factors of 4444?
2, 11, 101
List the prime factors of 223.
223
List the prime factors of 4440.
2, 3, 5, 37
List the prime factors of 59703.
3, 7, 2843
What are the prime factors of 7?
7
List the prime factors of 25287.
3, 8429
List the prime factors of 153.
3, 17
What are the prime factors of 179672?
2, 37, 607
List the prime factors of 2073.
3, 691
What are the prime factors of 1949?
1949
What are the prime factors of 564?
2, 3, 47
What are the prime factors of 43374?
2, 3, 7229
What are the prime factors of 11526?
2, 3, 17, 113
List the prime factors of 14225.
5, 569
List the prime factors of 19109.
97, 197
What are the prime factors of 77?
7, 11
What are the prime factors of 88?
2, 11
What are the prime factors of 6822?
2, 3, 379
What are the prime factors of 17078?
2, 8539
List the prime factors of 614.
2, 307
List the prime factors of 57427.
57427
List the prime factors of 22893.
3, 13, 587
List the prime factors of 3896.
2, 487
What are the prime factors of 61202?
2, 71, 431
List the prime factors of 1473.
3, 491
List the prime factors of 90300.
2, 3, 5, 7, 43
List the prime factors of 175043.
11, 15913
List the prime factors of 11401.
13, 877
What are the prime factors of 12753?
3, 13, 109
List the prime factors of 354.
2, 3, 59
List the prime factors of 148764.
2, 3, 7, 11, 23
What are the prime factors of 28396?
2, 31, 229
List the prime factors of 2503.
2503
What are the prime factors of 1370?
2, 5, 137
List the prime factors of 25616.
2, 1601
What are the prime factors of 8317?
8317
List the prime factors of 640.
2, 5
List the prime factors of 1166.
2, 11, 53
List the prime factors of 16455.
3, 5, 1097
List the prime factors of 22447.
22447
List the prime factors of 3467.
3467
List the prime factors of 1814.
2, 907
What are the prime factors of 6281?
11, 571
List the prime factors of 44319.
3, 11, 17, 79
List the prime factors of 683.
683
What are the prime factors of 21814?
2, 13, 839
What are the prime factors of 18510?
2, 3, 5, 617
What are the prime factors of 4428?
2, 3, 41
List the prime factors of 789.
3, 263
List the prime factors of 35924.
2, 7, 1283
What are the prime factors of 18589?
29, 641
List the prime factors of 567.
3, 7
List the prime factors of 8770.
2, 5, 877
List the prime factors of 21804.
2, 3, 23, 79
What are the prime factors of 22685?
5, 13, 349
What are the prime factors of 1931?
1931
List the prime factors of 79535.
5, 15907
What are the prime factors of 9566?
2, 4783
List the prime factors of 6346.
2, 19, 167
List the prime factors of 63900.
2, 3, 5, 71
What are the prime factors of 526?
2, 263
What are the prime factors of 28808?
2, 13, 277
What are the prime factors of 2664?
2, 3, 37
What are the prime factors of 136844?
2, 34211
List the prime factors of 3360.
2, 3, 5, 7
What are the prime factors of 9883?
9883
What are the prime factors of 5989?
53, 113
List the prime factors of 13111.
7, 1873
What are the prime factors of 3914?
2, 19, 103
What are the prime factors of 2507?
23, 109
List the prime factors of 27939.
3, 67, 139
List the prime factors of 165.
3, 5, 11
What are the prime factors of 409?
409
List the prime factors of 21961.
21961
What are the prime factors of 2550?
2, 3, 5, 17
List the prime factors of 28487.
61, 467
List the prime factors of 19968.
2, 3, 13
What are the prime factors of 1521?
3, 13
What are the prime factors of 64229?
11, 5839
What are the prime factors of 927?
3, 103
List the prime factors of 2241.
3, 83
List the prime factors of 845.
5, 13
What are the prime factors of 6?
2, 3
What are the prime factors of 4574?
2, 2287
What are the prime factors of 57491?
7, 43, 191
List the prime factors of 13066.
2, 47, 139
What are the prime factors of 10783?
41, 263
List the prime factors of 72717.
3, 24239
List the prime factors of 93664.
2, 2927
What are the prime factors of 12659?
12659
List the prime factors of 71358.
2, 3, 7, 1699
List the prime factors of 827.
827
List the prime factors of 673.
673
List the prime factors of 78690.
2, 3, 5, 43, 61
What are the prime factors of 106233?
3, 17, 2083
List the prime factors of 1836.
2, 3, 17
List the prime factors of 12799.
12799
What are the prime factors of 12890?
2, 5, 1289
List the prime factors of 448.
2, 7
What are the prime factors of 1605?
3, 5, 107
List the prime factors of 1556.
2, 389
What are the prime factors of 24968?
2, 3121
List the prime factors of 68121.
3, 29
What are the prime factors of 8007?
3, 17, 157
List the prime factors of 879.
3, 293
What are the prime factors of 1715?
5, 7
What are the prime factors of 181?
181
List the prime factors of 5038.
2, 11, 229
What are the prime factors of 14438?
2, 7219
List the prime factors of 11342.
2, 53, 107
List the prime factors of 8508.
2, 3, 709
What are the prime factors of 2229?
3, 743
List the prime factors of 2783.
11, 23
What are the prime factors of 4395?
3, 5, 293
List the prime factors of 2137.
2137
List the prime factors of 1959.
3, 653
List the prime factors of 2729.
2729
What are the prime factors of 936?
2, 3, 13
What are the prime factors of 12016?
2, 751
List the prime factors of 78897.
3, 7, 13, 17
What are the prime factors of 69304?
2, 8663
What are the prime factors of 172787?
172787
What are the prime factors of 1455?
3, 5, 97
What are the prime factors of 41?
41
What are the prime factors of 80910?
2, 3, 5, 29, 31
What are the prime factors of 751?
751
What are the prime factors of 22618?
2, 43, 263
What are the prime factors of 10446?
2, 3, 1741
List the prime factors of 146251.
7, 17, 1229
List the prime factors of 2704.
2, 13
List the prime factors of 1889.
1889
What are the prime factors of 79?
79
What are the prime factors of 5885?
5, 11, 107
List the prime factors of 1986.
2, 3, 331
List the prime factors of 2016.
2, 3, 7
List the prime factors of 27670.
2, 5, 2767
List the prime factors of 7782.
2, 3, 1297
What are the prime factors of 4406?
2, 2203
List the prime factors of 51500.
2, 5, 103
List the prime factors of 2161.
2161
What are the prime factors of 414?
2, 3, 23
What are the prime factors of 4276?
2, 1069
List the prime factors of 24598.
2, 7, 251
List the prime factors of 40532.
2, 10133
What are the prime factors of 7253?
7253
What are the prime factors of 1484?
2, 7, 53
What are the prime factors of 108577?
7, 15511
What are the prime factors of 10719?
3, 397
List the prime factors of 8856.
2, 3, 41
List the prime factors of 6884.
2, 1721
List the prime factors of 50179.
19, 139
List the prime factors of 1070.
2, 5, 107
List the prime factors of 993.
3, 331
What are the prime factors of 22362?
2, 3, 3727
What are the prime factors of 21613?
21613
List the prime factors of 1171.
1171
What are the prime factors of 1818?
2, 3, 101
List the prime factors of 326.
2, 163
What are the prime factors of 19646?
2, 11, 19, 47
List the prime factors of 3020.
2, 5, 151
What are the prime factors of 2315?
5, 463
What are the prime factors of 993?
3, 331
What are the prime factors of 33104?
2, 2069
List the prime factors of 5545.
5, 1109
What are the prime factors of 1520?
2, 5, 19
What are the prime factors of 42120?
2, 3, 5, 13
What are the prime factors of 8489?
13, 653
List the prime factors of 338.
2, 13
List the prime factors of 14690.
2, 5, 13, 113
List the prime factors of 910.
2, 5, 7, 13
List the prime factors of 1093.
1093
List the prime factors of 13752.
2, 3, 191
What are the prime factors of 112?
2, 7
List the prime factors of 914.
2, 457
List the prime factors of 5338.
2, 17, 157
What are the prime factors of 1903?
11, 173
List the prime factors of 269.
269
What are the prime factors of 2736?
2, 3, 19
What are the prime factors of 53651?
13, 4127
What are the prime factors of 56223?
3, 6247
What are the prime factors of 2170?
2, 5, 7, 31
List the prime factors of 8730.
2, 3, 5, 97
List the prime factors of 18325.
5, 733
List the prime factors of 24214.
2, 12107
List the prime factors of 102179.
7, 11, 1327
List the prime factors of 420.
2, 3, 5, 7
What 